{"id":3292,"date":"2024-03-08T11:54:55","date_gmt":"2024-03-08T11:54:55","guid":{"rendered":"https:\/\/lacasadelperdon.com\/?post_type=ufaq&#038;p=3292"},"modified":"2024-03-08T14:44:17","modified_gmt":"2024-03-08T14:44:17","slug":"que-es-un-temazcal","status":"publish","type":"ufaq","link":"https:\/\/lacasadelperdon.com\/index.php\/ufaq\/que-es-un-temazcal\/","title":{"rendered":"\u00bfQu\u00e9 es un temazcal?"},"content":{"rendered":"<div  class=\"ewd-ufaq-faq-list ewd-ufaq-page-type-distinct\" id='ewd-ufaq-faq-list'>\n\n\t<input type='hidden' name='show_on_load' value='' id='ewd-ufaq-show-on-load' \/>\n<input type='hidden' name='include_category' value='' id='ewd-ufaq-include-category' \/>\n<input type='hidden' name='exclude_category' value='' id='ewd-ufaq-exclude-category' \/>\n<input type='hidden' name='orderby' value='date' id='ewd-ufaq-orderby' \/>\n<input type='hidden' name='order' value='asc' id='ewd-ufaq-order' \/>\n<input type='hidden' name='post_count' value='-1' id='ewd-ufaq-post-count' \/>\n<input type='hidden' name='current_url' value='\/index.php\/wp-json\/wp\/v2\/ufaq\/3292' id='ewd-ufaq-current-url' \/>\n\t\n\t\n\t<div class='ewd-ufaq-faqs'>\n\n\t\t<div  class=\"ewd-ufaq-faq-div ewd-ufaq-faq-column-count-one ewd-ufaq-faq-responsive-columns- ewd-ufaq-faq-display-style-default ewd-ufaq-can-be-toggled\" id='ewd-ufaq-post-3292-Kt4UhvUpRy' data-post_id='3292'>\n\n\t<div class='ewd-ufaq-faq-title ewd-ufaq-faq-toggle'>\n\t\n\t<a class='ewd-ufaq-post-margin'  href='#'>\n\n\t\t<div class='ewd-ufaq-post-margin-symbol ewd-ufaq-'>\n\t\t\t<span >A<\/span>\n\t\t<\/div>\n\n\t\t<div class='ewd-ufaq-faq-title-text'>\n\n\t\t\t<h4>\n\t\t\t\t\u00bfQu\u00e9 es un temazcal?\t\t\t<\/h4>\n\n\t\t<\/div>\n\n\t\t<div class='ewd-ufaq-clear'><\/div>\n\n\t<\/a>\n\t\n<\/div>\n\t\n\t<div class='ewd-ufaq-faq-body ' >\n\n\t\t\n\t\t\t\n\t\t\n\t\t\t<div class='ewd-ufaq-post-margin ewd-ufaq-faq-post'>\n\t\n<p><strong>La ceremonia de Temazcal es un momento bien bello y poderoso en nuestra vida, una oportunidad para reconciliarnos, con nosotros mismos, con todas nuestras relaciones, con la vida, con la salud, la fuerza, con nuestro camino espiritual, detenernos y encontrarnos. Tiempo de celebraci\u00f3n y purificaci\u00f3n<\/strong>.<\/p>\n\n\n\n<figure class=\"wp-block-embed aligncenter is-type-video is-provider-youtube wp-block-embed-youtube wp-embed-aspect-16-9 wp-has-aspect-ratio\"><div class=\"wp-block-embed__wrapper\">\n<div class=\"jetpack-video-wrapper\"><iframe width=\"640\" height=\"360\" src=\"https:\/\/www.youtube.com\/embed\/GCgjXkJHF2s?start=119&#038;feature=oembed\" frameborder=\"0\" allowfullscreen><\/iframe><\/div>\n<\/div><\/figure>\n\n\n\n<p>Es una ceremonia de origen prehisp\u00e1nico de renacimiento, en la cual literalmente uno se ba\u00f1a para purificarse tanto f\u00edsica como espiritualmente. El temazcal simboliza el \u00fatero materno pues en \u00e9l se reproducen las condiciones de la gestaci\u00f3n humedad, calor, oscuridad, en este caso ser\u00eda el \u00fatero de la madre tierra.<\/p>\n\n\n\n<p>En el temazcal tenemos la posibilidad de soltar todo lo que nos sobra, a nivel mental, f\u00edsico, emocional y as\u00ed salir renacidos, limpios y nuevos a una nueva forma de ser. Es una terapia poderosa de vinculaci\u00f3n con la tierra y nos alimenta el despertar de nuestra memoria ancestral. Pero adem\u00e1s del trabajo para nuestro esp\u00edritu, este c\u00edrculo de medicina, nos regala muchos beneficios en lo f\u00edsico.<\/p>\n\n\n\n<p><strong>BENEFICIOS F\u00cdSICOS, EMOCIONALES, MENTALES Y ESPIRITUALES DEL TEMAZCAL:<\/strong><\/p>\n\n\n\n<p>\u2022<strong>PURIFICACI\u00d3N A TRAVES LA PIEL:<\/strong>\u00a0La piel es como un tercer ri\u00f1\u00f3n, mediante el cual se pueden eliminar las toxinas acumuladas. Las propiedades terap\u00e9uticas del vapor del Temazcal, sirven para renovar nuestra piel, abrir los poros y eliminar todo lo que la da\u00f1a y la envejece. Adem\u00e1s \u00a0todo lo anterior ayuda a adelgazar.<\/p>\n\n\n\n<p><strong>\u2022DESINTOXICACI\u00d3N DE VIAS RESPIRATORIAS:<\/strong>\u00a0Tiene efectos en el aparato respiratorio para tratar problemas como: gripas, bronquitis, asma, sinusitis, etc. sobre todo en los ni\u00f1os y ancianos. Al elevarse la temperatura y combinarse el vapor con el aroma de las plantas medicinales, se descongestionan las v\u00edas respiratorias. \u00a0<\/p>\n\n\n\n<p><strong>\u2022MEJORA EL SISTEMA NERVIOSO E INMUNOL\u00d3GICO:<\/strong>\u00a0Ayuda a tratar problemas de estr\u00e9s, insomnio, tensi\u00f3n nerviosa, etc. Activa las defensas del organismo para responder \u00a0y contrarrestar \u00a0enfermedades de todo tipo.<\/p>\n\n\n\n<p><strong>\u2022MEJORA LA CIRCULACI\u00d3N DEL CUERPO:<\/strong>\u00a0En el temazcal se produce un aumento de circulaci\u00f3n sangu\u00ednea, los vasos capilares se dilatan facilitando la expulsi\u00f3n de las toxinas del cuerpo, as\u00ed como la eliminaci\u00f3n del \u00e1cido \u00farico, por lo que ayuda cuando existen problemas relacionados con deficiencias circulatorias.<\/p>\n\n\n\n<p><strong>\u2022REJUVENECIMIENTO DEL CUERPO Y MENTE, ELIMINACI\u00d3N DEL ESTR\u00c9S:<\/strong>\u00a0Siendo el estr\u00e9s actualmente la causa m\u00e1s importante de desgaste f\u00edsico y mental<\/p>\n\n\n\n<p><strong>\u2022EMOCIONAL Y MENTAL:<\/strong>\u00a0ayuda a eliminar emociones bloqueadas, tensi\u00f3n nerviosa, da consciencia de los pensamientos y da una visi\u00f3n clara de nuestra vida, y de todo lo que obstruye nuestro camino.<\/p>\n\n\n\n<p><strong>\u2022ESPIRITUAL:<\/strong>\u00a0Incrementa la vibraci\u00f3n energ\u00e9tica. Facilita la recepci\u00f3n de informaci\u00f3n como: visiones y revelaciones; fortalece nuestra capacidad de orar y armonizarnos con el Universo, Dios y nuestras creencias en la unidad, el amor y la paz. \u00a0<\/p>\n<\/div>\n\t\t\n\t\t\t\n\t\t\n\t\t\t\n\t\t\n\t\t\t\n\t\t\n\t\t\t\n\t\t\n\t\t\t\n\t\t\n\t\t\t\n\t\t\n\t\t\t\n\t\t\n\t\t\t\n\t\t\n\t<\/div>\n\n<\/div>\n\t<\/div>\n\n\t\n<\/div>","protected":false},"excerpt":{"rendered":"<p>A \u00bfQu\u00e9 es un temazcal? La ceremonia de Temazcal es un momento bien bello y poderoso en nuestra vida, una oportunidad para reconciliarnos, con nosotros mismos, con todas nuestras relaciones, con la vida, con la salud, la fuerza, con nuestro&#8230;<\/p>\n","protected":false},"author":1,"comment_status":"open","ping_status":"closed","template":"","ufaq-category":[],"ufaq-tag":[],"jetpack_sharing_enabled":true,"_links":{"self":[{"href":"https:\/\/lacasadelperdon.com\/index.php\/wp-json\/wp\/v2\/ufaq\/3292"}],"collection":[{"href":"https:\/\/lacasadelperdon.com\/index.php\/wp-json\/wp\/v2\/ufaq"}],"about":[{"href":"https:\/\/lacasadelperdon.com\/index.php\/wp-json\/wp\/v2\/types\/ufaq"}],"author":[{"embeddable":true,"href":"https:\/\/lacasadelperdon.com\/index.php\/wp-json\/wp\/v2\/users\/1"}],"replies":[{"embeddable":true,"href":"https:\/\/lacasadelperdon.com\/index.php\/wp-json\/wp\/v2\/comments?post=3292"}],"wp:attachment":[{"href":"https:\/\/lacasadelperdon.com\/index.php\/wp-json\/wp\/v2\/media?parent=3292"}],"wp:term":[{"taxonomy":"ufaq-category","embeddable":true,"href":"https:\/\/lacasadelperdon.com\/index.php\/wp-json\/wp\/v2\/ufaq-category?post=3292"},{"taxonomy":"ufaq-tag","embeddable":true,"href":"https:\/\/lacasadelperdon.com\/index.php\/wp-json\/wp\/v2\/ufaq-tag?post=3292"}],"curies":[{"name":"wp","href":"https:\/\/api.w.org\/{rel}","templated":true}]}}

¿Qué es un temazcal?

<div  class="ewd-ufaq-faq-list ewd-ufaq-page-type-distinct" id='ewd-ufaq-faq-list'>

	<input type='hidden' name='show_on_load' value='' id='ewd-ufaq-show-on-load' />
<input type='hidden' name='include_category' value='' id='ewd-ufaq-include-category' />
<input type='hidden' name='exclude_category' value='' id='ewd-ufaq-exclude-category' />
<input type='hidden' name='orderby' value='date' id='ewd-ufaq-orderby' />
<input type='hidden' name='order' value='asc' id='ewd-ufaq-order' />
<input type='hidden' name='post_count' value='-1' id='ewd-ufaq-post-count' />
<input type='hidden' name='current_url' value='/index.php/wp-json/wp/v2/ufaq/3292' id='ewd-ufaq-current-url' />
	
	
	<div class='ewd-ufaq-faqs'>

		<div  class="ewd-ufaq-faq-div ewd-ufaq-faq-column-count-one ewd-ufaq-faq-responsive-columns- ewd-ufaq-faq-display-style-default ewd-ufaq-can-be-toggled" id='ewd-ufaq-post-3292-Kt4UhvUpRy' data-post_id='3292'>

	<div class='ewd-ufaq-faq-title ewd-ufaq-faq-toggle'>
	
	<a class='ewd-ufaq-post-margin'  href='#'>

		<div class='ewd-ufaq-post-margin-symbol ewd-ufaq-'>
			<span >A</span>
		</div>

		<div class='ewd-ufaq-faq-title-text'>

			<h4>
				¿Qué es un temazcal?			</h4>

		</div>

		<div class='ewd-ufaq-clear'></div>

	</a>
	
</div>
	
	<div class='ewd-ufaq-faq-body ' >

		
			
		
			<div class='ewd-ufaq-post-margin ewd-ufaq-faq-post'>
	
<p><strong>La ceremonia de Temazcal es un momento bien bello y poderoso en nuestra vida, una oportunidad para reconciliarnos, con nosotros mismos, con todas nuestras relaciones, con la vida, con la salud, la fuerza, con nuestro camino espiritual, detenernos y encontrarnos. Tiempo de celebración y purificación</strong>.</p>



<figure class="wp-block-embed aligncenter is-type-video is-provider-youtube wp-block-embed-youtube wp-embed-aspect-16-9 wp-has-aspect-ratio"><div class="wp-block-embed__wrapper">
<div class="jetpack-video-wrapper"><iframe width="640" height="360" src="https://www.youtube.com/embed/GCgjXkJHF2s?start=119&#038;feature=oembed" frameborder="0" allowfullscreen></iframe></div>
</div></figure>



<p>Es una ceremonia de origen prehispánico de renacimiento, en la cual literalmente uno se baña para purificarse tanto física como espiritualmente. El temazcal simboliza el útero materno pues en él se reproducen las condiciones de la gestación humedad, calor, oscuridad, en este caso sería el útero de la madre tierra.</p>



<p>En el temazcal tenemos la posibilidad de soltar todo lo que nos sobra, a nivel mental, físico, emocional y así salir renacidos, limpios y nuevos a una nueva forma de ser. Es una terapia poderosa de vinculación con la tierra y nos alimenta el despertar de nuestra memoria ancestral. Pero además del trabajo para nuestro espíritu, este círculo de medicina, nos regala muchos beneficios en lo físico.</p>



<p><strong>BENEFICIOS FÍSICOS, EMOCIONALES, MENTALES Y ESPIRITUALES DEL TEMAZCAL:</strong></p>



<p>•<strong>PURIFICACIÓN A TRAVES LA PIEL:</strong> La piel es como un tercer riñón, mediante el cual se pueden eliminar las toxinas acumuladas. Las propiedades terapéuticas del vapor del Temazcal, sirven para renovar nuestra piel, abrir los poros y eliminar todo lo que la daña y la envejece. Además  todo lo anterior ayuda a adelgazar.</p>



<p><strong>•DESINTOXICACIÓN DE VIAS RESPIRATORIAS:</strong> Tiene efectos en el aparato respiratorio para tratar problemas como: gripas, bronquitis, asma, sinusitis, etc. sobre todo en los niños y ancianos. Al elevarse la temperatura y combinarse el vapor con el aroma de las plantas medicinales, se descongestionan las vías respiratorias.  </p>



<p><strong>•MEJORA EL SISTEMA NERVIOSO E INMUNOLÓGICO:</strong> Ayuda a tratar problemas de estrés, insomnio, tensión nerviosa, etc. Activa las defensas del organismo para responder  y contrarrestar  enfermedades de todo tipo.</p>



<p><strong>•MEJORA LA CIRCULACIÓN DEL CUERPO:</strong> En el temazcal se produce un aumento de circulación sanguínea, los vasos capilares se dilatan facilitando la expulsión de las toxinas del cuerpo, así como la eliminación del ácido úrico, por lo que ayuda cuando existen problemas relacionados con deficiencias circulatorias.</p>



<p><strong>•REJUVENECIMIENTO DEL CUERPO Y MENTE, ELIMINACIÓN DEL ESTRÉS:</strong> Siendo el estrés actualmente la causa más importante de desgaste físico y mental</p>



<p><strong>•EMOCIONAL Y MENTAL:</strong> ayuda a eliminar emociones bloqueadas, tensión nerviosa, da consciencia de los pensamientos y da una visión clara de nuestra vida, y de todo lo que obstruye nuestro camino.</p>



<p><strong>•ESPIRITUAL:</strong> Incrementa la vibración energética. Facilita la recepción de información como: visiones y revelaciones; fortalece nuestra capacidad de orar y armonizarnos con el Universo, Dios y nuestras creencias en la unidad, el amor y la paz.  </p>
</div>
		
			
		
			
		
			
		
			
		
			
		
			
		
			
		
			
		
	</div>

</div>
	</div>

	
</div>

<p>A ¿Qué es un temazcal? La ceremonia de Temazcal es un momento bien bello y poderoso en nuestra vida, una oportunidad para reconciliarnos, con nosotros mismos, con todas nuestras relaciones, con la vida, con la salud, la fuerza, con nuestro&#8230;</p>
