{"id":3178,"date":"2024-03-06T11:38:46","date_gmt":"2024-03-06T11:38:46","guid":{"rendered":"https:\/\/lacasadelperdon.com\/index.php\/ufaq\/por-que-es-tan-barato-este-retiro\/"},"modified":"2024-03-06T14:55:45","modified_gmt":"2024-03-06T14:55:45","slug":"por-que-es-tan-barato-este-retiro","status":"publish","type":"ufaq","link":"https:\/\/lacasadelperdon.com\/index.php\/ufaq\/por-que-es-tan-barato-este-retiro\/","title":{"rendered":"\u00bfPor qu\u00e9 es tan barato este retiro?"},"content":{"rendered":"<div  class=\"ewd-ufaq-faq-list ewd-ufaq-page-type-distinct\" id='ewd-ufaq-faq-list'>\n\n\t<input type='hidden' name='show_on_load' value='' id='ewd-ufaq-show-on-load' \/>\n<input type='hidden' name='include_category' value='' id='ewd-ufaq-include-category' \/>\n<input type='hidden' name='exclude_category' value='' id='ewd-ufaq-exclude-category' \/>\n<input type='hidden' name='orderby' value='date' id='ewd-ufaq-orderby' \/>\n<input type='hidden' name='order' value='asc' id='ewd-ufaq-order' \/>\n<input type='hidden' name='post_count' value='-1' id='ewd-ufaq-post-count' \/>\n<input type='hidden' name='current_url' value='\/index.php\/wp-json\/wp\/v2\/ufaq\/3178' id='ewd-ufaq-current-url' \/>\n\t\n\t\n\t<div class='ewd-ufaq-faqs'>\n\n\t\t<div  class=\"ewd-ufaq-faq-div ewd-ufaq-faq-column-count-one ewd-ufaq-faq-responsive-columns- ewd-ufaq-faq-display-style-default ewd-ufaq-can-be-toggled\" id='ewd-ufaq-post-3178-KO6cPEsiZv' data-post_id='3178'>\n\n\t<div class='ewd-ufaq-faq-title ewd-ufaq-faq-toggle'>\n\t\n\t<a class='ewd-ufaq-post-margin'  href='#'>\n\n\t\t<div class='ewd-ufaq-post-margin-symbol ewd-ufaq-'>\n\t\t\t<span >A<\/span>\n\t\t<\/div>\n\n\t\t<div class='ewd-ufaq-faq-title-text'>\n\n\t\t\t<h4>\n\t\t\t\t\u00bfPor qu\u00e9 es tan barato este retiro?\t\t\t<\/h4>\n\n\t\t<\/div>\n\n\t\t<div class='ewd-ufaq-clear'><\/div>\n\n\t<\/a>\n\t\n<\/div>\n\t\n\t<div class='ewd-ufaq-faq-body ' >\n\n\t\t\n\t\t\t<div class='ewd-ufaq-faq-categories'>\n\t\n\tCategory:\n\t\n\t\tRetiro Semana Santa 2024\n\t\n<\/div>\n\t\t\n\t\t\t<div class='ewd-ufaq-post-margin ewd-ufaq-faq-post'>\n\t<p>En nuestra experiencia de m\u00e1s de 20 a\u00f1os de crecimiento personal hemos realizado muchos cursos\/retiros en diversas t\u00e9cnicas y pa\u00edses.<\/p>\n<p>Hemos tenido que renunciar a realizar diversos retiros o asumir vivir al l\u00edmite de subsistir econ\u00f3micamente debido a los altos precios de algunos de estos retiros. Hemos aprendido que el envoltorio del paquete no siempre hace honor al regalo que contiene.<\/p>\n<p>Muchos organizadores de retiros gastan mucho dinero en envolver el paquete y eso le hace cobrar caros sus retiros, sin embargo, nosotros ponemos todos nuestros recursos en el regalo que contiene. Lo hacemos as\u00ed porque nuestro anhelo es compartir y ayudar a las personas a reconectar con quienes son, y no queremos que el precio sea una barrera para que puedas regalarte un retiro como este, para que sea asequible par ti y el mayor n\u00famero de personas,<\/p>\n<p>Adem\u00e1s de que realizar un retiro no sea algo extraordinario que te permites una vez al a\u00f1o, sino que pueda ser una practica que de manera regular nutra y transforme tu vida.<\/p>\n<p>El valor de las cosas y su coste no siempre es proporcional. Te aseguro que el valor de este retiro es muy superior al coste del mismo. Que el precio econ\u00f3mico no te confunda, porque te vas a llevar de aqu\u00ed adem\u00e1s de un conocimiento muy pr\u00e1ctico para tu vida, una gran cantidad de experiencias que vas a vivir en comunidad, en familia con un grupo de personas como t\u00fa, que anhelan lo mismo que t\u00fa: algo tan simple como ser felices y estar en paz.<\/p>\n<\/div>\n\t\t\n\t\t\t\n\t\t\n\t\t\t\n\t\t\n\t\t\t\n\t\t\n\t\t\t\n\t\t\n\t\t\t\n\t\t\n\t\t\t\n\t\t\n\t\t\t\n\t\t\n\t\t\t\n\t\t\n\t<\/div>\n\n<\/div>\n\t<\/div>\n\n\t\n<\/div>","protected":false},"excerpt":{"rendered":"<p>A \u00bfPor qu\u00e9 es tan barato este retiro? Category: Retiro Semana Santa 2024 En nuestra experiencia de m\u00e1s de 20 a\u00f1os de crecimiento personal hemos realizado muchos cursos\/retiros en diversas t\u00e9cnicas y pa\u00edses. Hemos tenido que renunciar a realizar diversos&#8230;<\/p>\n","protected":false},"author":1,"comment_status":"open","ping_status":"closed","template":"","ufaq-category":[9],"ufaq-tag":[],"jetpack_sharing_enabled":true,"_links":{"self":[{"href":"https:\/\/lacasadelperdon.com\/index.php\/wp-json\/wp\/v2\/ufaq\/3178"}],"collection":[{"href":"https:\/\/lacasadelperdon.com\/index.php\/wp-json\/wp\/v2\/ufaq"}],"about":[{"href":"https:\/\/lacasadelperdon.com\/index.php\/wp-json\/wp\/v2\/types\/ufaq"}],"author":[{"embeddable":true,"href":"https:\/\/lacasadelperdon.com\/index.php\/wp-json\/wp\/v2\/users\/1"}],"replies":[{"embeddable":true,"href":"https:\/\/lacasadelperdon.com\/index.php\/wp-json\/wp\/v2\/comments?post=3178"}],"wp:attachment":[{"href":"https:\/\/lacasadelperdon.com\/index.php\/wp-json\/wp\/v2\/media?parent=3178"}],"wp:term":[{"taxonomy":"ufaq-category","embeddable":true,"href":"https:\/\/lacasadelperdon.com\/index.php\/wp-json\/wp\/v2\/ufaq-category?post=3178"},{"taxonomy":"ufaq-tag","embeddable":true,"href":"https:\/\/lacasadelperdon.com\/index.php\/wp-json\/wp\/v2\/ufaq-tag?post=3178"}],"curies":[{"name":"wp","href":"https:\/\/api.w.org\/{rel}","templated":true}]}}

¿Por qué es tan barato este retiro?

<div  class="ewd-ufaq-faq-list ewd-ufaq-page-type-distinct" id='ewd-ufaq-faq-list'>

	<input type='hidden' name='show_on_load' value='' id='ewd-ufaq-show-on-load' />
<input type='hidden' name='include_category' value='' id='ewd-ufaq-include-category' />
<input type='hidden' name='exclude_category' value='' id='ewd-ufaq-exclude-category' />
<input type='hidden' name='orderby' value='date' id='ewd-ufaq-orderby' />
<input type='hidden' name='order' value='asc' id='ewd-ufaq-order' />
<input type='hidden' name='post_count' value='-1' id='ewd-ufaq-post-count' />
<input type='hidden' name='current_url' value='/index.php/wp-json/wp/v2/ufaq/3178' id='ewd-ufaq-current-url' />
	
	
	<div class='ewd-ufaq-faqs'>

		<div  class="ewd-ufaq-faq-div ewd-ufaq-faq-column-count-one ewd-ufaq-faq-responsive-columns- ewd-ufaq-faq-display-style-default ewd-ufaq-can-be-toggled" id='ewd-ufaq-post-3178-KO6cPEsiZv' data-post_id='3178'>

	<div class='ewd-ufaq-faq-title ewd-ufaq-faq-toggle'>
	
	<a class='ewd-ufaq-post-margin'  href='#'>

		<div class='ewd-ufaq-post-margin-symbol ewd-ufaq-'>
			<span >A</span>
		</div>

		<div class='ewd-ufaq-faq-title-text'>

			<h4>
				¿Por qué es tan barato este retiro?			</h4>

		</div>

		<div class='ewd-ufaq-clear'></div>

	</a>
	
</div>
	
	<div class='ewd-ufaq-faq-body ' >

		
			<div class='ewd-ufaq-faq-categories'>
	
	Category:
	
		Retiro Semana Santa 2024
	
</div>
		
			<div class='ewd-ufaq-post-margin ewd-ufaq-faq-post'>
	<p>En nuestra experiencia de más de 20 años de crecimiento personal hemos realizado muchos cursos/retiros en diversas técnicas y países.</p>
<p>Hemos tenido que renunciar a realizar diversos retiros o asumir vivir al límite de subsistir económicamente debido a los altos precios de algunos de estos retiros. Hemos aprendido que el envoltorio del paquete no siempre hace honor al regalo que contiene.</p>
<p>Muchos organizadores de retiros gastan mucho dinero en envolver el paquete y eso le hace cobrar caros sus retiros, sin embargo, nosotros ponemos todos nuestros recursos en el regalo que contiene. Lo hacemos así porque nuestro anhelo es compartir y ayudar a las personas a reconectar con quienes son, y no queremos que el precio sea una barrera para que puedas regalarte un retiro como este, para que sea asequible par ti y el mayor número de personas,</p>
<p>Además de que realizar un retiro no sea algo extraordinario que te permites una vez al año, sino que pueda ser una practica que de manera regular nutra y transforme tu vida.</p>
<p>El valor de las cosas y su coste no siempre es proporcional. Te aseguro que el valor de este retiro es muy superior al coste del mismo. Que el precio económico no te confunda, porque te vas a llevar de aquí además de un conocimiento muy práctico para tu vida, una gran cantidad de experiencias que vas a vivir en comunidad, en familia con un grupo de personas como tú, que anhelan lo mismo que tú: algo tan simple como ser felices y estar en paz.</p>
</div>
		
			
		
			
		
			
		
			
		
			
		
			
		
			
		
			
		
	</div>

</div>
	</div>

	
</div>

<p>A ¿Por qué es tan barato este retiro? Category: Retiro Semana Santa 2024 En nuestra experiencia de más de 20 años de crecimiento personal hemos realizado muchos cursos/retiros en diversas técnicas y países. Hemos tenido que renunciar a realizar diversos&#8230;</p>
