{"id":3176,"date":"2024-03-06T11:06:32","date_gmt":"2024-03-06T11:06:32","guid":{"rendered":"https:\/\/lacasadelperdon.com\/index.php\/ufaq\/quiero-vacaciones-para-desconectar-sin-embargo-no-soy-una-persona-muy-espiritual-ni-se-nada-de-chamanismo-esto-es-para-mi\/"},"modified":"2024-03-08T16:45:01","modified_gmt":"2024-03-08T16:45:01","slug":"quiero-vacaciones-para-desconectar-sin-embargo-no-soy-una-persona-muy-espiritual-ni-se-nada-de-chamanismo-esto-es-para-mi","status":"publish","type":"ufaq","link":"https:\/\/lacasadelperdon.com\/index.php\/ufaq\/quiero-vacaciones-para-desconectar-sin-embargo-no-soy-una-persona-muy-espiritual-ni-se-nada-de-chamanismo-esto-es-para-mi\/","title":{"rendered":"Quiero vacaciones para desconectar, sin embargo no soy una persona muy \u201cespiritual\u201d, ni s\u00e9 nada de Chamanismo, \u00bfesto es para m\u00ed?"},"content":{"rendered":"<div  class=\"ewd-ufaq-faq-list ewd-ufaq-page-type-distinct\" id='ewd-ufaq-faq-list'>\n\n\t<input type='hidden' name='show_on_load' value='' id='ewd-ufaq-show-on-load' \/>\n<input type='hidden' name='include_category' value='' id='ewd-ufaq-include-category' \/>\n<input type='hidden' name='exclude_category' value='' id='ewd-ufaq-exclude-category' \/>\n<input type='hidden' name='orderby' value='date' id='ewd-ufaq-orderby' \/>\n<input type='hidden' name='order' value='asc' id='ewd-ufaq-order' \/>\n<input type='hidden' name='post_count' value='-1' id='ewd-ufaq-post-count' \/>\n<input type='hidden' name='current_url' value='\/index.php\/wp-json\/wp\/v2\/ufaq\/3176' id='ewd-ufaq-current-url' \/>\n\t\n\t\n\t<div class='ewd-ufaq-faqs'>\n\n\t\t<div  class=\"ewd-ufaq-faq-div ewd-ufaq-faq-column-count-one ewd-ufaq-faq-responsive-columns- ewd-ufaq-faq-display-style-default ewd-ufaq-can-be-toggled\" id='ewd-ufaq-post-3176-whcglKdOHs' data-post_id='3176'>\n\n\t<div class='ewd-ufaq-faq-title ewd-ufaq-faq-toggle'>\n\t\n\t<a class='ewd-ufaq-post-margin'  href='#'>\n\n\t\t<div class='ewd-ufaq-post-margin-symbol ewd-ufaq-'>\n\t\t\t<span >A<\/span>\n\t\t<\/div>\n\n\t\t<div class='ewd-ufaq-faq-title-text'>\n\n\t\t\t<h4>\n\t\t\t\tQuiero vacaciones para desconectar, sin embargo no soy una persona muy \u201cespiritual\u201d, ni s\u00e9 nada de Chamanismo, \u00bfesto es para m\u00ed?\t\t\t<\/h4>\n\n\t\t<\/div>\n\n\t\t<div class='ewd-ufaq-clear'><\/div>\n\n\t<\/a>\n\t\n<\/div>\n\t\n\t<div class='ewd-ufaq-faq-body ' >\n\n\t\t\n\t\t\t<div class='ewd-ufaq-faq-categories'>\n\t\n\tCategory:\n\t\n\t\tRetiro Semana Santa 2024\n\t\n<\/div>\n\t\t\n\t\t\t<div class='ewd-ufaq-post-margin ewd-ufaq-faq-post'>\n\t<p>Es posible que vivas tu d\u00eda a d\u00eda sintiendo que vas de un sitio para otro, que la vida no te da para m\u00e1s, cansado\/a, con la sensaci\u00f3n de tener que hacer, tener que llegar y no poder parar.<\/p>\n<p>Si este es tu caso, te comprendo, yo tambi\u00e9n estuve preso ah\u00ed muchos a\u00f1os.<\/p>\n<p>Y es posible que ahora busques una escapada en forma de unas buenas vacaciones de Semana Santa.<\/p>\n<p>Sin embargo, perm\u00edteme decirte que lo que tu coraz\u00f3n anhela no es que te alquiles un apartamento en la playa, que te vayas de compras y te tomes dos copas, para al volver de las vacaciones seguir con lo de siempre, girando en la misma rueda.<\/p>\n<p>Tu coraz\u00f3n no pide m\u00e1s desconexi\u00f3n, m\u00e1s bien lo contrario, te pide verdadera conexi\u00f3n.<\/p>\n<p>Tu coraz\u00f3n anhela renacer, que te permitas volver a conectar contigo, con tu esencia, con lo que traes como ser humano, y desde ah\u00ed surja la claridad y el sentido que devuelva el brillo a tu vida.<\/p>\n<p>Te pide tocar la tierra, sentir el agua, respirar el aire y conectar con el fuego.<\/p>\n<p>Por lo que, respondiendo a la pregunta: S\u00cd, definitivamente este retiro es para ti.<\/p>\n<p>Pues te permitir\u00e1 desconectar de todo eso que te desborda, parar la mente y escuchar la voz del coraz\u00f3n que te invita a conectar contigo, con la naturaleza, con la vida.<\/p>\n<\/div>\n\t\t\n\t\t\t\n\t\t\n\t\t\t\n\t\t\n\t\t\t\n\t\t\n\t\t\t\n\t\t\n\t\t\t\n\t\t\n\t\t\t\n\t\t\n\t\t\t\n\t\t\n\t\t\t\n\t\t\n\t<\/div>\n\n<\/div>\n\t<\/div>\n\n\t\n<\/div>","protected":false},"excerpt":{"rendered":"<p>A Quiero vacaciones para desconectar, sin embargo no soy una persona muy \u201cespiritual\u201d, ni s\u00e9 nada de Chamanismo, \u00bfesto es para m\u00ed? Category: Retiro Semana Santa 2024 Es posible que vivas tu d\u00eda a d\u00eda sintiendo que vas de un&#8230;<\/p>\n","protected":false},"author":1,"comment_status":"open","ping_status":"closed","template":"","ufaq-category":[9],"ufaq-tag":[],"jetpack_sharing_enabled":true,"_links":{"self":[{"href":"https:\/\/lacasadelperdon.com\/index.php\/wp-json\/wp\/v2\/ufaq\/3176"}],"collection":[{"href":"https:\/\/lacasadelperdon.com\/index.php\/wp-json\/wp\/v2\/ufaq"}],"about":[{"href":"https:\/\/lacasadelperdon.com\/index.php\/wp-json\/wp\/v2\/types\/ufaq"}],"author":[{"embeddable":true,"href":"https:\/\/lacasadelperdon.com\/index.php\/wp-json\/wp\/v2\/users\/1"}],"replies":[{"embeddable":true,"href":"https:\/\/lacasadelperdon.com\/index.php\/wp-json\/wp\/v2\/comments?post=3176"}],"wp:attachment":[{"href":"https:\/\/lacasadelperdon.com\/index.php\/wp-json\/wp\/v2\/media?parent=3176"}],"wp:term":[{"taxonomy":"ufaq-category","embeddable":true,"href":"https:\/\/lacasadelperdon.com\/index.php\/wp-json\/wp\/v2\/ufaq-category?post=3176"},{"taxonomy":"ufaq-tag","embeddable":true,"href":"https:\/\/lacasadelperdon.com\/index.php\/wp-json\/wp\/v2\/ufaq-tag?post=3176"}],"curies":[{"name":"wp","href":"https:\/\/api.w.org\/{rel}","templated":true}]}}

Quiero vacaciones para desconectar, sin embargo no soy una persona muy “espiritual”, ni sé nada de Chamanismo, ¿esto es para mí?

<div  class="ewd-ufaq-faq-list ewd-ufaq-page-type-distinct" id='ewd-ufaq-faq-list'>

	<input type='hidden' name='show_on_load' value='' id='ewd-ufaq-show-on-load' />
<input type='hidden' name='include_category' value='' id='ewd-ufaq-include-category' />
<input type='hidden' name='exclude_category' value='' id='ewd-ufaq-exclude-category' />
<input type='hidden' name='orderby' value='date' id='ewd-ufaq-orderby' />
<input type='hidden' name='order' value='asc' id='ewd-ufaq-order' />
<input type='hidden' name='post_count' value='-1' id='ewd-ufaq-post-count' />
<input type='hidden' name='current_url' value='/index.php/wp-json/wp/v2/ufaq/3176' id='ewd-ufaq-current-url' />
	
	
	<div class='ewd-ufaq-faqs'>

		<div  class="ewd-ufaq-faq-div ewd-ufaq-faq-column-count-one ewd-ufaq-faq-responsive-columns- ewd-ufaq-faq-display-style-default ewd-ufaq-can-be-toggled" id='ewd-ufaq-post-3176-whcglKdOHs' data-post_id='3176'>

	<div class='ewd-ufaq-faq-title ewd-ufaq-faq-toggle'>
	
	<a class='ewd-ufaq-post-margin'  href='#'>

		<div class='ewd-ufaq-post-margin-symbol ewd-ufaq-'>
			<span >A</span>
		</div>

		<div class='ewd-ufaq-faq-title-text'>

			<h4>
				Quiero vacaciones para desconectar, sin embargo no soy una persona muy “espiritual”, ni sé nada de Chamanismo, ¿esto es para mí?			</h4>

		</div>

		<div class='ewd-ufaq-clear'></div>

	</a>
	
</div>
	
	<div class='ewd-ufaq-faq-body ' >

		
			<div class='ewd-ufaq-faq-categories'>
	
	Category:
	
		Retiro Semana Santa 2024
	
</div>
		
			<div class='ewd-ufaq-post-margin ewd-ufaq-faq-post'>
	<p>Es posible que vivas tu día a día sintiendo que vas de un sitio para otro, que la vida no te da para más, cansado/a, con la sensación de tener que hacer, tener que llegar y no poder parar.</p>
<p>Si este es tu caso, te comprendo, yo también estuve preso ahí muchos años.</p>
<p>Y es posible que ahora busques una escapada en forma de unas buenas vacaciones de Semana Santa.</p>
<p>Sin embargo, permíteme decirte que lo que tu corazón anhela no es que te alquiles un apartamento en la playa, que te vayas de compras y te tomes dos copas, para al volver de las vacaciones seguir con lo de siempre, girando en la misma rueda.</p>
<p>Tu corazón no pide más desconexión, más bien lo contrario, te pide verdadera conexión.</p>
<p>Tu corazón anhela renacer, que te permitas volver a conectar contigo, con tu esencia, con lo que traes como ser humano, y desde ahí surja la claridad y el sentido que devuelva el brillo a tu vida.</p>
<p>Te pide tocar la tierra, sentir el agua, respirar el aire y conectar con el fuego.</p>
<p>Por lo que, respondiendo a la pregunta: SÍ, definitivamente este retiro es para ti.</p>
<p>Pues te permitirá desconectar de todo eso que te desborda, parar la mente y escuchar la voz del corazón que te invita a conectar contigo, con la naturaleza, con la vida.</p>
</div>
		
			
		
			
		
			
		
			
		
			
		
			
		
			
		
			
		
	</div>

</div>
	</div>

	
</div>

<p>A Quiero vacaciones para desconectar, sin embargo no soy una persona muy “espiritual”, ni sé nada de Chamanismo, ¿esto es para mí? Category: Retiro Semana Santa 2024 Es posible que vivas tu día a día sintiendo que vas de un&#8230;</p>
